= -5 + p. Suppose r*q = 13 - 5. What are the prime factors of q?
2
Let h be (1 - 0)*(11 + -6). Suppose 3*c = h*n - c - 254, -99 = -2*n - c. List the prime factors of n.
2, 5
Let g = 32 + -56. Let o = -17 - g. List the prime factors of o.
7
Let h = -529 + 853. What are the prime factors of h?
2, 3
What are the prime factors of (301/14)/(3/6)?
43
Let r(i) be the third derivative of -7*i**4/24 - i**3/6 + 5*i**2. What are the prime factors of r(-1)?
2, 3
Let x(u) be the third derivative of -u**4/12 + u**3/6 + 3*u**2. Let y be x(3). Let f = y - -9. List the prime factors of f.
2
Let h(t) = 10*t**2 + 11. List the prime factors of h(5).
3, 29
Suppose -5*s + 3*x = 15, -2*x - 3 = s + 3*x. What are the prime factors of (212/12)/((-1)/s)?
53
Suppose 5*u + 11 = 4*u. List the prime factors of 2/u - (-444)/22.
2, 5
Let g be (39 - 6) + 0 + 1. Suppose -g = -5*b + 3*b. What are the prime factors of b?
17
Let u be (-256)/(-20) - 2/(-10). Let q = u + 2. Suppose 5*d + i = 91 - q, -2*d = -3*i - 27. What are the prime factors of d?
3, 5
Let f = 17 + 37. List the prime factors of f.
2, 3
Suppose -4*r + 3*l = -13, 5*l = -2*r + 8 + 5. Let m = -1 + r. Let s(d) = 4*d - 3. List the prime factors of s(m).
3
Let o = -30 + 71. What are the prime factors of o?
41
Suppose 2*c = -c + 6. Suppose x - 1 + c = 0. Let k = 6 - x. What are the prime factors of k?
7
Let r(q) = 16*q**2 + q. Let a be r(-1). Let c = a - 5. List the prime factors of c.
2, 5
Suppose 0 = 2*s + 2*s. Let m(c) = -c**2 - c + 2. Let v be m(-2). Suppose v = i + 2*w - 15, -5*w + 15 = s. What are the prime factors of i?
3
Suppose 7*j - 66 = 60. What are the prime factors of j?
2, 3
Let s(u) be the second derivative of -u**3/6 + 2*u. What are the prime factors of s(-3)?
3
Let r(t) = 18*t**2 + 3*t - 11. What are the prime factors of r(-4)?
5, 53
Let j = 4 + -2. Suppose -j*a - 21 = b - 7, b + 26 = -5*a. Let g(y) = -y**2 - 8*y - 8. List the prime factors of g(b).
2
Suppose -y = -2*g - 2*y, 2*y = 4*g. Suppose 1 = c, g*c = -3*m + 3*c - 9. Let v = 2 - m. List the prime factors of v.
2
Suppose 78 = 3*b - 18. Suppose -2*p = -b - 0. List the prime factors of p.
2
Suppose 4*j + 133 = 5*i, 5*j = -i - 93 - 95. Let d = j - -69. What are the prime factors of d?
2
Suppose z + 2*z + 17 = -5*i, -3*i = 12. Let p be 1 + 1 - z - 1. What are the prime factors of (-4 + p)/(2/(-1))?
2
Let c be 10*11 + (-4)/2. List the prime factors of (c/(-16))/(3/(-8)).
2, 3
Suppose 555 + 288 = 3*v. List the prime factors of v.
281
Let l(u) = -u**3 - 4*u**2 + 3. Let s(k) = k - 8. Let v be s(4). Let r be l(v). Suppose 0 = -r*w + 6*w - 36. List the prime factors of w.
2, 3
Suppose -5*r = i - 65, -4*r + 5*r - 4*i + 8 = 0. Let f = 2 + r. What are the prime factors of f?
2, 7
Suppose 2*a - 85 = -3*a. Let s = a - 6. List the prime factors of s.
11
Suppose 4*n - 175 = -5*r + 316, 467 = 4*n - 3*r. List the prime factors of n.
7, 17
Let a(t) = -t**3 - 7*t**2 - 8*t - 8. Let g be a(-6). Suppose -5*m + 72 = -j, -g*m + 5*j + 0 = -45. Let f = m - 4. What are the prime factors of f?
11
Let l(z) be the third derivative of -z**5/30 - z**4/6 - z**3/2 - 2*z**2. Let i be l(-2). List the prime factors of ((-63)/12)/(i/8).
2, 7
Suppose 2 = 4*o - 2. Let q be o/(-2 - (-22)/10). Suppose 4*t - 48 = l + l, 0 = q*t + 4*l - 34. What are the prime factors of t?
2, 5
Let q = 66 + -44. List the prime factors of q.
2, 11
Suppose -12 - 8 = -5*q. Suppose q*t - 2*t - 64 = 0. Suppose -7*x - 4*w + 28 = -4*x, 2*x - t = 4*w. List the prime factors of x.
2, 3
Let g = 1 - -1. Suppose -x = -g*x + 8. List the prime factors of (14/4)/(4/x).
7
Let o be (0 - 1)/(3/(-135)). Suppose 4*h - o = 35. List the prime factors of h.
2, 5
Let m(t) = t + 2. Suppose 5*b + 14 = 4. Let w be m(b). Suppose -7*y + 4*f = -2*y - 78, -5*y - 4*f + 102 = w. What are the prime factors of y?
2, 3
Let k be ((-4)/3)/((-8)/12). Let g be (0/k - -2) + 4. What are the prime factors of 96/7 - g/(-21)?
2, 7
Suppose 2*k - 365 = -45. Suppose -3*c = 2*c - k. Suppose f - c = -f. What are the prime factors of f?
2
Suppose 2*g + 6 = 18. List the prime factors of 3 + -1 + g/2.
5
Suppose 0 = 2*k + 2*z - 108, -3*z + 2*z = 0. What are the prime factors of k?
2, 3
Let u be 3/((-45)/(-12))*-5. Let g = u - -56. List the prime factors of 6/(-18) + g/3.
17
Let m = -7 + 6. What are the prime factors of 13*m*(2 - 3)?
13
Suppose 4*h - 109 = 19. Suppose 3*g = g + h. List the prime factors of g.
2
Let k = -16 + 0. Let m = -13 - k. What are the prime factors of m?
3
Let i(g) = g + 32. Let y(a) = -2*a - 65. Let l(b) = 13*i(b) + 6*y(b). What are the prime factors of l(-12)?
2, 7
Suppose 8 = 3*l + l. What are the prime factors of (7/l)/(-1)*-2?
7
Let z = 9 + -7. Let m = 20 + z. What are the prime factors of m?
2, 11
Let o(c) = 14*c**2 - 4*c + 7. List the prime factors of o(3).
11
Let y = 10 + -3. Let k = y - -11. What are the prime factors of k?
2, 3
Let o = -1 - -9. What are the prime factors of o?
2
Let d(m) = m + 6. Let f be d(-6). What are the prime factors of 26/(-3 + 5 + f)?
13
Suppose j - 7 = -4. What are the prime factors of j?
3
Suppose 2*y - 3*d + 20 = 0, -3*y - 40 = -5*d - 10. Let b be -1*(-3)/(-6)*y. List the prime factors of (-92)/(-10) - 1/b.
3
Let m(g) be the third derivative of -g**6/120 + 7*g**5/60 + 5*g**4/12 + g**3/2 - 3*g**2. List the prime factors of m(8).
19
Suppose -63 = -4*d + 93. What are the prime factors of d?
3, 13
Let q = -25 - -58. List the prime factors of q.
3, 11
Suppose -4*g - 20 = 0, 0*g + 2*g = -3*r + 53. What are the prime factors of r?
3, 7
Let a(w) = w + 16. Let y(f) = -2*f + 1. Let b be y(5). List the prime factors of a(b).
7
Suppose -3*o - 17 = -i, -5*o = 3*i - 2*o + 9. Suppose i*b - b - 8 = 0. What are the prime factors of b?
2
List the prime factors of 1560/9 + 1/(-3).
173
Let v(p) be the first derivative of p**3/3 + 3. Let b be v(-3). Suppose -b = -5*u + 11. List the prime factors of u.
2
Suppose 2*w = w + 3. Suppose -5 = -4*j + w. List the prime factors of j.
2
Let u be (0 + 0)/(6/3). Suppose 24 = -u*a + 6*a. List the prime factors of a.
2
Suppose -220 = 3*y + 5*m, 5*m + 180 = -4*y - 120. What are the prime factors of y/(-14) - 10/(-35)?
2, 3
Suppose 317 = 2*g - b, 6*g - 9*g + 2*b + 478 = 0. List the prime factors of g.
2, 3, 13
Let i(r) = r**2 + 12*r + 10. Let l be i(-7). Let n = l - -18. Let q(v) = -v**3 - 7*v**2 + v + 10. What are the prime factors of q(n)?
3
Suppose 0*l - 45 = -5*l. Let x be (-8)/(-28) - (-4)/(-14). Let c = l + x. What are the prime factors of c?
3
Suppose -3*d - d + 576 = 0. Suppose 3*r - 6*r = -d. List the prime factors of r.
2, 3
Let b(i) = i + 20. Let m be b(-11). What are the prime factors of 142/m - (-8)/36?
2
Let i(y) = -47*y - 1. What are the prime factors of i(-2)?
3, 31
Suppose 2*g + 25 = -j + 89, 102 = 3*g + 3*j. Let s = 17 - g. Let u = s - -19. List the prime factors of u.
2, 3
Let y(x) = -17*x - 2. List the prime factors of y(-5).
83
Suppose 0 = 5*g - 5*i - 55, 18 = 4*g + 4*i - 18. What are the prime factors of g?
2, 5
Let x be (6/8)/(2/16). Let j(l) = -2*l**2 + 8*l - 5. Let f be j(x). Let d = -14 - f. List the prime factors of d.
3, 5
Let w be 2 + (113 - (-1 - 0)). Suppose 0 = 3*z + z - w. Let v = z + -21. List the prime factors of v.
2
Let a(q) = q**3 + 10*q**2 - 13*q + 9. What are the prime factors of a(-11)?
31
List the prime factors of (-745)/(-10) + (-9)/(-6).
2, 19
Suppose -u = -4*j - 61, 3*u + j - 79 = 91. What are the prime factors of u?
3, 19
List the prime factors of ((-3)/6*1)/((-4)/656).
2, 41
Let s(a) be the second derivative of -a**3/3 + 13*a**2/2 + 5*a. What are the prime factors of s(-11)?
5, 7
Suppose -4*j + j + 6 = 0. Let x be j - (1 + 0) - -14. Let t = -8 + x. List the prime factors of t.
7
Suppose -5*j + 52 = 2. Let c be (2 - (-2 + 3))*4. Suppose c*u - 2*u = j. List the prime factors of u.
5
What are the prime factors of (1 + 272)*11/33?
7, 13
Suppose -5*o + 4*o + 1345 = 5*w, 546 = 2*w + 2*o. List the prime factors of w.
2, 67
Suppose -u + 0 - 1 = 0. List the prime factors of (u + 4)/((-9)/(-24)).
2
Let n(q) = 8*q - 9. What are the prime factors of n(8)?
5, 11
Let s(b) = -b**2 + 6*b + 6. Let w(y) be the third derivative of y**6/60 - y**5/20 + y**3/3 - 2*y**2. Let f be w(2). List the prime factors of s(f).
2, 3
Let z(u) = 2*u - 3. Let g be 6/(-30) + (-82